he second derivative of c**4/6 - c**3/2 - 2*c**2 - 2*c. Calculate y(s).
5
Let n(h) = -h**2 + 3*h - 2. Let c be ((-52)/16)/(2/(-8)). Let o = -7 + c. Suppose 3*i + 2*g = -1, 3*i + g - 34 = o*g. Determine n(i).
-2
Let z = 22 - 8. Suppose -11 - z = 5*l. Let f(k) = -4*k + 3. Let s(t) = 21*t - 16. Let o(r) = -11*f(r) - 2*s(r). Give o(l).
-11
Let i(q) = q**3 + 8*q**2 + 8*q + 4. Let l(h) = -2 + 5 + 7*h + 1 + h**2 + 1. Let x be l(-4). Calculate i(x).
-3
Let s(z) = -4 + 3 + z + 0. Suppose -5 = 5*b + 3*m - 0, -3*b = m - 1. Give s(b).
1
Let n(u) be the third derivative of 0*u - 1/24*u**4 - 4*u**2 + 1/60*u**5 - 1/12*u**6 + 1/6*u**3 + 0. Determine n(1).
-9
Let i be ((-258)/215)/(2/10). Let w(u) = -1. Let k(t) = -t - 5. Let f(v) = k(v) - 5*w(v). Give f(i).
6
Let n(x) = x + 1. Let g(o) = -11*o - 22. Let u(b) = g(b) + 22*n(b). Let j be 2/(-8) - (-43)/(-4). Let q(i) = i + 12. Let f be q(j). Determine u(f).
11
Let w(k) = k**2 - k + 6. Let p = -2 - -2. Calculate w(p).
6
Let v be (-75)/(-9) + 4/6. Let b be (-1 + 2)/(3/v). Let u(d) = d**2 - 3*d - 3. Calculate u(b).
-3
Suppose -3 = 4*o + 9, 5*o = 3*a + 3. Let m(p) = -p**2 - 4*p + 8. What is m(a)?
-4
Let x(i) = 6*i**2 - 1 + 0 - 6*i**3 - 7*i**2 + 2*i. Let p = -3 + -1. Let u(v) = v**3 + 3*v**2 - 5*v - 3. Let f be u(p). Determine x(f).
-6
Let j = -121 - -124. Let x(a) = -3*a + 4. What is x(j)?
-5
Let t(c) be the third derivative of -c**5/60 + c**4/8 - c**3/3 + 6*c**2. Suppose 10 = 4*n - 2*n. Let r = n - 3. Determine t(r).
0
Let o(s) = 3*s**2 - 3*s. Let i be 6 - 1 - (0 - -3). What is o(i)?
6
Suppose -13 = -3*h + 2. Let k(z) = 4 + 3*z**2 - 2*z**2 - h. Give k(-1).
0
Let u(c) = 6*c**2 + c + 5. Let o(l) be the second derivative of -l**2/2 - 4*l. Suppose -1 = z + 3. Let q(i) = z*o(i) - u(i). Give q(-1).
-6
Let b(t) = 45*t - 6. Let x(v) = -30*v + 4. Let p(f) = -5*b(f) - 7*x(f). Let q(z) = -5*z + 1. Let a(k) = -2*p(k) + 7*q(k). Suppose -2 = 9*m - 10*m. What is a(m)?
-7
Let v = -1 + -4. Let f(i) = -i**3 + 11*i**2 + i - 9. Let b be f(11). Let m(d) = -b*d**3 - 2*d**3 - 5*d**2 + 2*d + 3 + 3*d**3 + 2. What is m(v)?
-5
Let v(f) = f**3 - 5*f**2 - 9*f + 7. Let z be 23/4 + -5*(-6)/120. What is v(z)?
-11
Let w(k) be the second derivative of k**4/12 + 5*k**3/6 - 3*k**2/2 - 6*k. What is w(-5)?
-3
Let r(b) = b**2 - 5*b + 1. Let q be r(3). Let z(k) = -k**3 - 6*k**2 - 6*k - 7. Calculate z(q).
-2
Let j(l) be the third derivative of l**6/120 + l**5/60 - l**4/6 - l**3/6 - 27*l**2. Calculate j(-3).
-7
Let p be (16/(-2))/((-2)/4). Suppose p = 3*j - 2. Let c(b) = -j*b**2 + 3*b + 4*b**2 + b. Give c(3).
-6
Let o = -8 + 10. Let d(z) = z**3 + 5*z - 3*z + 2*z**o - 5*z + 3. Determine d(-3).
3
Let z(c) = -39 + 2*c - 5*c + 37. Give z(-4).
10
Let i(v) = 7*v + 7. Let a(k) = -6*k - 6. Let s(c) = -5*c**3 - 1. Let g be s(-1). Let x = 8 - 3. Let w(r) = g*i(r) + x*a(r). What is w(-2)?
2
Let z = 8 + 1. Suppose -4*a + z = -a. Let t(o) = 183*o**2 + 6*o - 7*o - o**3 - 363*o**2 + 183*o**2. What is t(a)?
-3
Let k be -15*1*(-3)/9. Let s(t) = t**2 - 3*t - 5. Give s(k).
5
Let z(c) = -c + c**2 - 1 - 5 + c**3 + 2. Suppose 11 - 11 = -6*r. Give z(r).
-4
Let y(q) = -q**3 - q - 1. Let j(h) = h**3 - 5*h**2 - 2*h + 4. Let x(i) = -j(i) - 2*y(i). Let g(c) = -c. Let p be (-1)/((-3)/24*2). Let l be g(p). What is x(l)?
-2
Let b(k) = -k**3 + 5*k**2 - 5*k + 2. Let o be b(3). Let f(y) = -y - y + 3 + 1. Calculate f(o).
-6
Let m(u) = -10*u + 2 - 7*u - u**2 + 15*u - 3*u. Calculate m(-3).
8
Let b(r) be the second derivative of 5*r + 0 - 5/2*r**2 - 1/6*r**3. Give b(5).
-10
Let b(s) = -5*s**2 - 8*s**2 - 14 + 14*s**2 - s**3. Let f(p) = p**2 - 2*p + 1. Let w be f(1). Calculate b(w).
-14
Let a(z) = z**2 - 3*z - 2. Let u be a(3). Suppose -2*b = 5*f - 16, -2*b + 0*f = -3*f. Let n(j) = 6*j - b*j + 3 + 2*j**2 + 0*j. Determine n(u).
5
Let u(o) = o**3 + 2*o - 3. Let t be ((-48)/15)/4*25/(-10). What is u(t)?
9
Let d(n) = 2*n**3 + 6*n**2 - 1. Let t(r) = r**3 - r**2 + 1. Let v(p) = d(p) - 3*t(p). Determine v(9).
-4
Suppose v + c + 4 = 0, -2*c = -5*v + 2*c + 25. Let l(o) be the first derivative of o**4 - o**3/3 + o - 2. Calculate l(v).
4
Let u(g) be the first derivative of -g**4/4 - g**3/3 - g**2/2 + 2*g - 14. Determine u(-2).
8
Let z(v) = 2*v**3 - 4 - v + 3*v**2 + 0*v + 2*v**2 + 4*v. Give z(-3).
-22
Let i(g) be the third derivative of -g**6/720 - g**5/120 + g**4/12 - g**2. Let s(j) be the second derivative of i(j). Let r = 11 + -16. Calculate s(r).
4
Suppose 3*t = -t + 8. Suppose -t*i + 4 = -0*i. Let s(q) = 11*q + i + 1 - 5*q - 4. What is s(1)?
5
Let o(g) = -4*g**3 + 9*g**2 - 6*g - 3. Let v(w) = -7*w**3 + 17*w**2 - 12*w - 5. Let l(f) = -5*o(f) + 3*v(f). Determine l(4).
8
Suppose -5*m - 16 = -3*l - m, l = 5*m + 9. Suppose 0 = -j - l*j. Suppose -h = -j*h. Let c(q) = q - 8. Give c(h).
-8
Let o(c) = c**2 + c. Let h(u) = 4*u**2 + 4. Let x(t) = h(t) - 3*o(t). Give x(4).
8
Suppose 2*h = 7*h - 10. Let p = h - -2. Let s(z) = -5 - 5*z + 2*z**2 + 4 + p*z - 8*z**2. Determine s(-1).
-6
Let r(x) = x**2 + 7*x + 1. Let d(g) = -g**2 - 6*g. Let f(n) = n. Let v be f(-7). Let i be d(v). Calculate r(i).
1
Let r(c) = 2*c**2 - 9*c - 9. Let x(d) = d**2 - 3*d - 3. Let v(w) = -4*r(w) + 11*x(w). What is v(-2)?
9
Suppose -5*o + 0*p + 4 = 3*p, -3*p = 3*o. Let m(v) = v**3 + v**2 - v - 1. Determine m(o).
9
Let a(n) = -n**2 - 7*n + 8. Let k be a(-8). Let d be (-16)/(-7) - 2/7. Suppose -r + d = -k*r. Let q(w) = 2*w + 2. What is q(r)?
6
Let q(r) = -7*r**3 - 7*r + 6 + 6*r**3 - 9*r**2 - 2*r + 0*r**3. Determine q(-8).
14
Let t be (-168)/(-77) - 2/11. Let d(k) = -k + 0*k - k**t + 3 + 0*k. What is d(-3)?
-3
Let d(v) = v**2 - 5*v + 6. Let y be d(4). Let k(c) = -3 + 3*c**3 + c**2 - 2*c**3 + 2*c**y + 0*c - 3*c. What is k(-4)?
-7
Let p(l) = l**2 + 8*l - 7. Let m be p(-9). Let d(x) be the first derivative of -7/2*x**m + 1/3*x**3 - 1 + 5*x. Determine d(5).
-5
Let z(o) = -o - 3. Let h be z(-5). Let k be 0 + h + 3 + -2. Let g(l) = l**2 - 2*l - 2. Determine g(k).
1
Suppose -o = 2*o + 18. Let r be 4 - -1 - (8 + o). Let j(w) be the second derivative of w**5/20 - w**4/3 + w**3/3 - w**2 - 2*w. Determine j(r).
-5
Let c(v) = v**2. Let x(f) = -4*f**2 - 3*f - 2. Let l(n) = -5*c(n) - x(n). What is l(6)?
-16
Let c(z) be the first derivative of 5*z**3/3 - 7. Give c(-1).
5
Let i be 186/36 + 2/(-12). Let r(a) = -a**2 + 5*a + 4. Let h(s) = s**2 - 6*s - 4. Let o(n) = i*h(n) + 6*r(n). What is o(0)?
4
Let h(p) = 2*p**2 - 2*p - 3. Suppose -4*r = 3*v + 2*v + 4, -r = v. Let y = v + 7. Give h(y).
9
Let x(s) = -5*s**2 - 2*s - 7. Let f(a) = -a**3 - a**2 + a - 1. Let h(i) = -f(i) + x(i). What is h(5)?
4
Suppose 0*v = v + 5. Let y(o) = o**2 + 7*o + 3. Calculate y(v).
-7
Let h(q) be the third derivative of -q**7/2520 - q**6/720 + q**5/30 - q**2. Let g(r) be the third derivative of h(r). Let u = -7 - -10. Give g(u).
-7
Let q = 22 - -3. Suppose -3*n - l - 12 = 0, q = -2*n + 4*l + l. Let g(h) = 2*h. What is g(n)?
-10
Let w be (-9)/12 - 41/4. Let y(n) be the first derivative of n**3 + 6*n**2 + 11*n + 1. Let a(b) = b**2 + 4*b + 4. Let v(p) = w*a(p) + 4*y(p). Determine v(-4).
0
Let q(n) = -n**3 - 7*n**2 - 7*n. Let b = -15 - -15. Suppose b*d - d = 6. Determine q(d).
6
Let w(c) = -8*c**3 - 3*c**2 - 2 - c + 0*c**3 + 7*c**3. What is w(-3)?
1
Let a(s) = 6*s**2 + 11 - s**3 - 7 + 2*s - 2*s - 6*s. Calculate a(4).
12
Let b be (-2 - -9)/((-5)/(-10)). Suppose -5*h = 16 + b. Let q(d) = d**2 + 8*d + 2. What is q(h)?
-10
Let n(v) = -v**2 - v. Let g(x) = x**3 + 6*x**2 + 7*x - 1. Let o(i) = -g(i) - 6*n(i). What is o(-2)?
11
Let o(g) be the third derivative of -g**7/5040 + g**6/720 - g**5/60 + 4*g**2. Let l(m) be the third derivative of o(m). Suppose 0 = -x + 6*x + 10. Give l(x).
3
Let x(d) = -26*d**2 + 9*d**2 + 4*d + d**3 - 2 + 12*d**2. Calculate x(4).
-2
Let w = -11 - -8. Let a(b) be the second derivative of -b**5/20 - b**4/12 + b**3/3 - 2*b**2 - 2*b. Calculate a(w).
8
Let c = 13 + -5. Let m(r) = -r**2 + 7*r + 11. Calculate m(c).
3
Let g(d) be the third derivative of d**6/120 - d**5/12 + d**4/6 + d**3/6 + 2*d**2. Suppose -3*b + 3*w = 6, 0 = -2*b - w + 5 + 6. Determine g(b).
-5
Let j = 2 - 0. Suppose 4*i - 14 = j*i + 3*y, 8 = -2*y. Let t(c) = 4*c**3 + 2*c**2 - 2*c + 1. Let k be t(i). Let u(f) = -2*f + 3. Calculate u(k).
-7
Let l be 2 + (4/1 - 3). Suppose 3*n - l*p + 6 = 0, p - 1 = -3*n + 1. Let